{"id":48,"date":"2022-03-29T03:41:12","date_gmt":"2022-03-29T03:41:12","guid":{"rendered":"https:\/\/www.formacionvirtualhis.com\/home\/"},"modified":"2026-03-26T01:48:13","modified_gmt":"2026-03-26T01:48:13","slug":"inicio","status":"publish","type":"page","link":"https:\/\/www.formacionvirtualhis.com\/","title":{"rendered":"Home"},"content":{"rendered":"\n\n\n\r\n<div id=\"ez-toc-container\" class=\"ez-toc-v2_0_76 counter-hierarchy ez-toc-counter ez-toc-grey ez-toc-container-direction\">\n<p class=\"ez-toc-title\" style=\"cursor:inherit\">Table of Contents<\/p>\n<label for=\"ez-toc-cssicon-toggle-item-69e355e36f205\" class=\"ez-toc-cssicon-toggle-label\"><span class=\"\"><span class=\"eztoc-hide\" style=\"display:none;\">Toggle<\/span><span class=\"ez-toc-icon-toggle-span\"><svg style=\"fill: #999;color:#999\" xmlns=\"http:\/\/www.w3.org\/2000\/svg\" class=\"list-377408\" width=\"20px\" height=\"20px\" viewBox=\"0 0 24 24\" fill=\"none\"><path d=\"M6 6H4v2h2V6zm14 0H8v2h12V6zM4 11h2v2H4v-2zm16 0H8v2h12v-2zM4 16h2v2H4v-2zm16 0H8v2h12v-2z\" fill=\"currentColor\"><\/path><\/svg><svg style=\"fill: #999;color:#999\" class=\"arrow-unsorted-368013\" xmlns=\"http:\/\/www.w3.org\/2000\/svg\" width=\"10px\" height=\"10px\" viewBox=\"0 0 24 24\" version=\"1.2\" baseProfile=\"tiny\"><path d=\"M18.2 9.3l-6.2-6.3-6.2 6.3c-.2.2-.3.4-.3.7s.1.5.3.7c.2.2.4.3.7.3h11c.3 0 .5-.1.7-.3.2-.2.3-.5.3-.7s-.1-.5-.3-.7zM5.8 14.7l6.2 6.3 6.2-6.3c.2-.2.3-.5.3-.7s-.1-.5-.3-.7c-.2-.2-.4-.3-.7-.3h-11c-.3 0-.5.1-.7.3-.2.2-.3.5-.3.7s.1.5.3.7z\"\/><\/svg><\/span><\/span><\/label><input type=\"checkbox\"  id=\"ez-toc-cssicon-toggle-item-69e355e36f205\"  aria-label=\"Alternar\" \/><nav><ul class='ez-toc-list ez-toc-list-level-1 ' ><ul class='ez-toc-list-level-2' ><li class='ez-toc-heading-level-2'><a class=\"ez-toc-link ez-toc-heading-1\" href=\"https:\/\/www.formacionvirtualhis.com\/#Nuestras_plataformas\" >Nuestras plataformas<\/a><\/li><\/ul><\/li><li class='ez-toc-page-1 ez-toc-heading-level-1'><a class=\"ez-toc-link ez-toc-heading-2\" href=\"https:\/\/www.formacionvirtualhis.com\/#ismael_silva\" >ismael silva<\/a><ul class='ez-toc-list-level-6' ><li class='ez-toc-heading-level-6'><ul class='ez-toc-list-level-6' ><li class='ez-toc-heading-level-6'><ul class='ez-toc-list-level-6' ><li class='ez-toc-heading-level-6'><ul class='ez-toc-list-level-6' ><li class='ez-toc-heading-level-6'><ul class='ez-toc-list-level-6' ><li class='ez-toc-heading-level-6'><a class=\"ez-toc-link ez-toc-heading-3\" href=\"https:\/\/www.formacionvirtualhis.com\/#La_innovacion_distingue_a_los_lideres_de_los_seguidores\" >La innovaci\u00f3n distingue a los l\u00edderes de los seguidores<\/a><\/li><\/ul><\/li><\/ul><\/li><\/ul><\/li><\/ul><\/li><li class='ez-toc-page-1 ez-toc-heading-level-2'><a class=\"ez-toc-link ez-toc-heading-4\" href=\"https:\/\/www.formacionvirtualhis.com\/#NUEVOS_SERVICIOS\" >NUEVOS SERVICIOS<\/a><\/li><\/ul><\/li><li class='ez-toc-page-1 ez-toc-heading-level-1'><a class=\"ez-toc-link ez-toc-heading-5\" href=\"https:\/\/www.formacionvirtualhis.com\/#HABILITADOS\" >HABILITADOS<\/a><ul class='ez-toc-list-level-3' ><li class='ez-toc-heading-level-3'><ul class='ez-toc-list-level-3' ><li class='ez-toc-heading-level-3'><a class=\"ez-toc-link ez-toc-heading-6\" href=\"https:\/\/www.formacionvirtualhis.com\/#reconocimiento_salud_mental\" >reconocimiento salud mental<\/a><\/li><\/ul><\/li><\/ul><\/li><li class='ez-toc-page-1 ez-toc-heading-level-1'><a class=\"ez-toc-link ez-toc-heading-7\" href=\"https:\/\/www.formacionvirtualhis.com\/#2025\" >2025<\/a><ul class='ez-toc-list-level-2' ><li class='ez-toc-heading-level-2'><a class=\"ez-toc-link ez-toc-heading-8\" href=\"https:\/\/www.formacionvirtualhis.com\/#NOVEDADES\" >NOVEDADES<\/a><\/li><\/ul><\/li><li class='ez-toc-page-1 ez-toc-heading-level-1'><a class=\"ez-toc-link ez-toc-heading-9\" href=\"https:\/\/www.formacionvirtualhis.com\/#2024\" >2024<\/a><ul class='ez-toc-list-level-3' ><li class='ez-toc-heading-level-3'><ul class='ez-toc-list-level-3' ><li class='ez-toc-heading-level-3'><a class=\"ez-toc-link ez-toc-heading-10\" href=\"https:\/\/www.formacionvirtualhis.com\/#valor_del_mes\" >valor del mes<\/a><\/li><li class='ez-toc-page-1 ez-toc-heading-level-3'><a class=\"ez-toc-link ez-toc-heading-11\" href=\"https:\/\/www.formacionvirtualhis.com\/#NUEVOS_SERVICIOS-2\" >NUEVOS SERVICIOS<\/a><\/li><\/ul><\/li><\/ul><\/li><li class='ez-toc-page-1 ez-toc-heading-level-1'><a class=\"ez-toc-link ez-toc-heading-12\" href=\"https:\/\/www.formacionvirtualhis.com\/#2024-2\" >2024<\/a><ul class='ez-toc-list-level-4' ><li class='ez-toc-heading-level-4'><ul class='ez-toc-list-level-4' ><li class='ez-toc-heading-level-4'><ul class='ez-toc-list-level-4' ><li class='ez-toc-heading-level-4'><a class=\"ez-toc-link ez-toc-heading-13\" href=\"https:\/\/www.formacionvirtualhis.com\/#MESAS_REGIONALES\" >MESAS REGIONALES<\/a><\/li><\/ul><\/li><\/ul><\/li><\/ul><\/li><li class='ez-toc-page-1 ez-toc-heading-level-1'><a class=\"ez-toc-link ez-toc-heading-14\" href=\"https:\/\/www.formacionvirtualhis.com\/#COVID\" >COVID<\/a><ul class='ez-toc-list-level-3' ><li class='ez-toc-heading-level-3'><ul class='ez-toc-list-level-3' ><li class='ez-toc-heading-level-3'><a class=\"ez-toc-link ez-toc-heading-15\" href=\"https:\/\/www.formacionvirtualhis.com\/#DEpendencias\" >DEpendencias<\/a><\/li><\/ul><\/li><\/ul><\/li><li class='ez-toc-page-1 ez-toc-heading-level-1'><a class=\"ez-toc-link ez-toc-heading-16\" href=\"https:\/\/www.formacionvirtualhis.com\/#destacadas\" >destacadas<\/a><ul class='ez-toc-list-level-3' ><li class='ez-toc-heading-level-3'><ul class='ez-toc-list-level-3' ><li class='ez-toc-heading-level-3'><a class=\"ez-toc-link ez-toc-heading-17\" href=\"https:\/\/www.formacionvirtualhis.com\/#contador\" >contador<\/a><\/li><\/ul><\/li><\/ul><\/li><li class='ez-toc-page-1 ez-toc-heading-level-1'><a class=\"ez-toc-link ez-toc-heading-18\" href=\"https:\/\/www.formacionvirtualhis.com\/#general\" >general<\/a><ul class='ez-toc-list-level-3' ><li class='ez-toc-heading-level-3'><ul class='ez-toc-list-level-3' ><li class='ez-toc-heading-level-3'><a class=\"ez-toc-link ez-toc-heading-19\" href=\"https:\/\/www.formacionvirtualhis.com\/#REPORTE_OPORTUNO_EVENTOS\" >REPORTE OPORTUNO EVENTOS<\/a><\/li><\/ul><\/li><\/ul><\/li><li class='ez-toc-page-1 ez-toc-heading-level-1'><a class=\"ez-toc-link ez-toc-heading-20\" href=\"https:\/\/www.formacionvirtualhis.com\/#EVENTO\" >EVENTO<\/a><\/li><\/ul><\/nav><\/div>\n<h2><span class=\"ez-toc-section\" id=\"Nuestras_plataformas\"><\/span>Nuestras plataformas<span class=\"ez-toc-section-end\"><\/span><\/h2>\r\n\n\r\n<h1><span class=\"ez-toc-section\" id=\"ismael_silva\"><\/span>ismael silva<span class=\"ez-toc-section-end\"><\/span><\/h1>\r\n\n\n\r\n<h6 class=\"elementor-heading-title elementor-size-xxl\" style=\"clear: both; color: #000000; font-family: Lato, sans-serif; font-size: 16px; line-height: 1; text-shadow: rgba(0, 0, 0, 0.3) 0px 0px 10px; letter-spacing: normal; text-transform: none; background-color: #ffffff;\"><span class=\"ez-toc-section\" id=\"La_innovacion_distingue_a_los_lideres_de_los_seguidores\"><\/span><span style=\"color: #222222; font-family: Roboto, Arial, sans-serif; font-size: 28px; text-align: left;\">La innovaci\u00f3n distingue a los l\u00edderes de los seguidores<\/span><span class=\"ez-toc-section-end\"><\/span><\/h6>\r\n\n\n\n\n\n\n\n\n\n\n\n\n\n\n\n\n\n\n\n\n\n\n\n\r\n<h2><span class=\"ez-toc-section\" id=\"NUEVOS_SERVICIOS\"><\/span>NUEVOS SERVICIOS<span class=\"ez-toc-section-end\"><\/span><\/h2>\r\n\n\r\n<h1><span class=\"ez-toc-section\" id=\"HABILITADOS\"><\/span>HABILITADOS<span class=\"ez-toc-section-end\"><\/span><\/h1>\r\n\n\n\r\n<p>En el mes de noviembre del 2021 se realizo apertura de nuevos servicios como lo son: medicina interna,ginecologia,radiologi<\/p>\r\n\n\n\n\r\n<h3><span class=\"ez-toc-section\" id=\"reconocimiento_salud_mental\"><\/span>reconocimiento salud mental<span class=\"ez-toc-section-end\"><\/span><\/h3>\r\n\n<h1><span class=\"ez-toc-section\" id=\"2025\"><\/span>2025<span class=\"ez-toc-section-end\"><\/span><\/h1>\n\n\n\n\n\r\n<p class=\"MsoNormal\">Queremos expresar nuestro m\u00e1s sincero reconocimiento y gratitud al extraordinario Programa de Salud Mental que ha transformado la vida de innumerables personas. A medida que avanzamos hacia una sociedad m\u00e1s comprensiva y emp\u00e1tica, es esencial destacar los esfuerzos y logros de aquellos que han dedicado su tiempo, energ\u00eda y experiencia para mejorar la salud mental de nuestra comunidad.<\/p>\r\n\n\r\n<p class=\"MsoNormal\">\u00a0<\/p>\r\n<p>&nbsp;<\/p>\r\n<p class=\"MsoNormal\">Este programa ha demostrado un compromiso excepcional en la promoci\u00f3n de la conciencia y comprensi\u00f3n de la salud mental, desafiando estigmas y derribando barreras que alguna vez dificultaron el acceso a la atenci\u00f3n y apoyo necesarios. A trav\u00e9s de sus iniciativas innovadoras, ha proporcionado servicios integrales que abordan una amplia gama de desaf\u00edos emocionales y psicol\u00f3gicos, desde el manejo del estr\u00e9s y la ansiedad hasta enfermedades mentales m\u00e1s complejas.<\/p>\r\n\n\n\n\r\n<p class=\"MsoNormal\">Adem\u00e1s, este programa ha puesto un gran \u00e9nfasis en la prevenci\u00f3n y educaci\u00f3n en salud mental. Han organizado talleres, conferencias y campa\u00f1as de sensibilizaci\u00f3n para difundir informaci\u00f3n valiosa sobre el bienestar emocional y proporcionar herramientas pr\u00e1cticas para el autocuidado. Al hacerlo, han fomentado una cultura de cuidado integral que trasciende las fronteras institucionales y llega a todos los rincones de nuestra comunidad.<\/p>\r\n\n\n\n\n\n\n\n\n\r\n<h2><span class=\"ez-toc-section\" id=\"NOVEDADES\"><\/span>NOVEDADES<span class=\"ez-toc-section-end\"><\/span><\/h2>\r\n\n\r\n<h1><span class=\"ez-toc-section\" id=\"2024\"><\/span>2024<span class=\"ez-toc-section-end\"><\/span><\/h1>\r\n\n\n\r\n<p class=\"MsoNormal\"><span style=\"font-family: Cabin, serif; background-image: initial; background-position: initial; background-size: initial; background-repeat: initial; background-attachment: initial; background-origin: initial; background-clip: initial;\">Ponte al tanto con las noticias o novedades de nuestra instituci\u00f3n\u00a0<\/span><\/p>\r\n\n\n\n\n\n\n\n\r\n<h3><span class=\"ez-toc-section\" id=\"valor_del_mes\"><\/span>valor del mes<span class=\"ez-toc-section-end\"><\/span><\/h3>\r\n\n\n\n\n\n\n\n\n\n\n\r\n<p><span class=\"x3nfvp2 x1j61x8r x1fcty0u xdj266r xhhsvwb xat24cr xgzva0m xxymvpz xlup9mm x1kky2od\" style=\"width: 16px; display: inline-flex; margin-right: 1px; margin-left: 1px; height: 16px; vertical-align: middle; font-family: 'Segoe UI Historic', 'Segoe UI', Helvetica, Arial, sans-serif; color: #050505; font-size: 15px;\"><img loading=\"lazy\" decoding=\"async\" style=\"border: 0px;\" src=\"https:\/\/static.xx.fbcdn.net\/images\/emoji.php\/v9\/t7b\/1\/16\/1f3e5.png\" alt=\"\ud83c\udfe5\" width=\"16\" height=\"16\" \/><\/span><span class=\"x3nfvp2 x1j61x8r x1fcty0u xdj266r xhhsvwb xat24cr xgzva0m xxymvpz xlup9mm x1kky2od\" style=\"width: 16px; display: inline-flex; margin-right: 1px; margin-left: 1px; height: 16px; vertical-align: middle; font-family: 'Segoe UI Historic', 'Segoe UI', Helvetica, Arial, sans-serif; color: #050505; font-size: 15px;\"><img loading=\"lazy\" decoding=\"async\" style=\"border: 0px;\" src=\"https:\/\/static.xx.fbcdn.net\/images\/emoji.php\/v9\/t51\/1\/16\/1f449.png\" alt=\"\ud83d\udc49\" width=\"16\" height=\"16\" \/><\/span><span style=\"color: #050505; font-family: 'Segoe UI Historic', 'Segoe UI', Helvetica, Arial, sans-serif; font-size: 15px;\">En nuestra instituci\u00f3n, el valor de la <strong>DILIGENCIA<\/strong> es uno de los pilares fundamentales que gu\u00eda todas nuestras acciones. Estamos comprometidos con el bienestar de nuestra comunidad y nos esforzamos por contribuir de manera positiva en cada paso que damos.<\/span><strong><br style=\"color: #050505; font-family: 'Segoe UI Historic', 'Segoe UI', Helvetica, Arial, sans-serif; font-size: 15px;\" \/><br style=\"color: #050505; font-family: 'Segoe UI Historic', 'Segoe UI', Helvetica, Arial, sans-serif; font-size: 15px;\" \/><span style=\"color: #050505; font-family: 'Segoe UI Historic', 'Segoe UI', Helvetica, Arial, sans-serif; font-size: 15px;\">\u00a0 \u00a0 \u00a0 \u00a0 \u00a0 \u00a0 \u00a0 \u00a0 \u00a0 \u00a0 \u00a0 \u00a0 \u00a0 \u00a0 \u00a0 \u00a0 \u00a0\u00a1 Estamos construyendo atenci\u00f3n con calidad !<\/span><\/strong><\/p>\r\n\n\n\n\n\n\n\n\n\n\r\n<h3><span class=\"ez-toc-section\" id=\"NUEVOS_SERVICIOS-2\"><\/span>NUEVOS SERVICIOS<span class=\"ez-toc-section-end\"><\/span><\/h3>\r\n\n\r\n<h1><span class=\"ez-toc-section\" id=\"2024-2\"><\/span>2024<span class=\"ez-toc-section-end\"><\/span><\/h1>\r\n\n\n\n\n\n\n\n\n\n\n\r\n<p>Nuevos servicios habilitados en nuestra entidad<\/p>\r\n\n\n\n\n\n\n\n\n\n\n\r\n<h4><span class=\"ez-toc-section\" id=\"MESAS_REGIONALES\"><\/span>MESAS REGIONALES<span class=\"ez-toc-section-end\"><\/span><\/h4>\r\n\n\r\n<h1><span class=\"ez-toc-section\" id=\"COVID\"><\/span>COVID<span class=\"ez-toc-section-end\"><\/span><\/h1>\r\n\n\n\n\n\n\n\n\n\n\n\r\n<p>Diam in arcu curcus euismod quis viverra nibh cras. In ante metus dictum at tempor commodo ullamcorper. Ultrices eros in curcus turpis massa. Purus in massa tempor nec. Sagittis vitae et leo duis ut. Faucibus purus in massa<\/p>\r\n\n\r\n<p>Lorem ipsum dolor sit amet, consectetur adipiscing elit, sed do eiusmod tempor incididunt ut labore et dolore magna aliqua. Ut enim ad minim veniam, quis nostrud exercitation ullamco laboris nisi ut aliquip ex ea commodo consequat. Duis aute irure dolor in reprehenderit in voluptate velit esse cillum dolore eu fugiat nulla pariatur. Excepteur sint occaecat cupidatat non proident, sunt in culpa qui officia deserunt mollit anim id est laborum.<\/p>\r\n\n\n\n\n\n\n\n\n\r\n<h3><span class=\"ez-toc-section\" id=\"DEpendencias\"><\/span>DEpendencias<span class=\"ez-toc-section-end\"><\/span><\/h3>\r\n\n\r\n<h1><span class=\"ez-toc-section\" id=\"destacadas\"><\/span>destacadas<span class=\"ez-toc-section-end\"><\/span><\/h1>\r\n\n\n\r\n<p>En este sector se pretende incentivar a las dependencias que mas se destacan por su labor realizado<\/p>\r\n\n\n\n\r\n<p>Lorem ipsum dolor sit amet, consectetuer adipiscing elit. Aenean commodo ligule eget dolor. Aenaen massa, Cum soolis natoque penatibus et magnis dis parturient montes nascetur ridiculus mus<\/p>\r\n\n\n\n\r\n<p>Lorem ipsum dolor sit amet, consectetuer adipiscing elit. Aenean commodo ligule eget dolor. Aenaen massa, Cum soolis natoque penatibus et magnis dis parturient montes nascetur ridiculus mus<\/p>\r\n\n\n\n\r\n<p>Lorem ipsum dolor sit amet, consectetuer adipiscing elit. Aenean commodo ligule eget dolor. Aenaen massa, Cum soolis natoque penatibus et magnis dis parturient montes nascetur ridiculus mus<\/p>\r\n\n\n\n\n\n\n\n\r\n<h3><span class=\"ez-toc-section\" id=\"contador\"><\/span>contador<span class=\"ez-toc-section-end\"><\/span><\/h3>\r\n\n\r\n<h1><span class=\"ez-toc-section\" id=\"general\"><\/span>general<span class=\"ez-toc-section-end\"><\/span><\/h1>\r\n\n\n\r\n<p>Lorem ipsum dolor sit amet, consectetuer adipiscing elit. Aenean commodo ligule eget dolor. Aenaen massa, Cum soolis natoque penatibus et magnis dis parturient montes nascetur ridiculus mus<\/p>\r\n\n\n\n\n\n\n\n\n\n\n\n\n\n\n\n\n\n\n\n\n\n\n\n\r\n<h3><span class=\"ez-toc-section\" id=\"REPORTE_OPORTUNO_EVENTOS\"><\/span>REPORTE OPORTUNO EVENTOS<span class=\"ez-toc-section-end\"><\/span><\/h3>\r\n\n\r\n<h1><span class=\"ez-toc-section\" id=\"EVENTO\"><\/span>EVENTO<span class=\"ez-toc-section-end\"><\/span><\/h1>\r\n\n\n\r\n<p>En este espacio se pretende reportar de manera oportuna y rapida los eventos adversos<\/p>\r\n\n\n\n\n\n\n\n\n\n\n\n\n\n","protected":false},"excerpt":{"rendered":"","protected":false},"author":1,"featured_media":0,"parent":0,"menu_order":0,"comment_status":"closed","ping_status":"closed","template":"","meta":{"pagelayer_contact_templates":{"wha5387":{"cont_subject":"Home Page","cont_header":"$name,$email,$phone,$message","cont_use_html":"true"}},"_pagelayer_content":"","footnotes":""},"class_list":["post-48","page","type-page","status-publish","hentry"],"_links":{"self":[{"href":"https:\/\/www.formacionvirtualhis.com\/index.php?rest_route=\/wp\/v2\/pages\/48","targetHints":{"allow":["GET"]}}],"collection":[{"href":"https:\/\/www.formacionvirtualhis.com\/index.php?rest_route=\/wp\/v2\/pages"}],"about":[{"href":"https:\/\/www.formacionvirtualhis.com\/index.php?rest_route=\/wp\/v2\/types\/page"}],"author":[{"embeddable":true,"href":"https:\/\/www.formacionvirtualhis.com\/index.php?rest_route=\/wp\/v2\/users\/1"}],"replies":[{"embeddable":true,"href":"https:\/\/www.formacionvirtualhis.com\/index.php?rest_route=%2Fwp%2Fv2%2Fcomments&post=48"}],"version-history":[{"count":52,"href":"https:\/\/www.formacionvirtualhis.com\/index.php?rest_route=\/wp\/v2\/pages\/48\/revisions"}],"predecessor-version":[{"id":2330,"href":"https:\/\/www.formacionvirtualhis.com\/index.php?rest_route=\/wp\/v2\/pages\/48\/revisions\/2330"}],"wp:attachment":[{"href":"https:\/\/www.formacionvirtualhis.com\/index.php?rest_route=%2Fwp%2Fv2%2Fmedia&parent=48"}],"curies":[{"name":"wp","href":"https:\/\/api.w.org\/{rel}","templated":true}]}}